{"id":3587,"date":"2022-03-14T15:56:20","date_gmt":"2022-03-14T14:56:20","guid":{"rendered":"https:\/\/quartiervosges.fr\/?page_id=3587"},"modified":"2022-03-27T21:34:58","modified_gmt":"2022-03-27T19:34:58","slug":"newsletter-2","status":"publish","type":"page","link":"https:\/\/quartiervosges.fr\/?page_id=3587","title":{"rendered":"Newsletter"},"content":{"rendered":"<div data-colibri-id=\"3587-c1\" class=\"style-1934 style-local-3587-c1 position-relative\">\n  <!---->\n  <div data-colibri-component=\"section\" data-colibri-id=\"3587-c2\" id=\"content\" class=\"h-section h-section-global-spacing d-flex align-items-lg-center align-items-md-center align-items-center style-1944 style-local-3587-c2 position-relative\">\n    <!---->\n    <!---->\n    <div class=\"h-section-grid-container h-section-boxed-container\">\n      <!---->\n      <div data-colibri-id=\"3587-c3\" class=\"h-row-container gutters-row-lg-2 gutters-row-md-2 gutters-row-2 gutters-row-v-lg-2 gutters-row-v-md-2 gutters-row-v-2 style-1945 style-local-3587-c3 position-relative\">\n        <!---->\n        <div class=\"h-row justify-content-lg-center justify-content-md-center justify-content-center align-items-lg-stretch align-items-md-stretch align-items-stretch gutters-col-lg-2 gutters-col-md-2 gutters-col-2 gutters-col-v-lg-2 gutters-col-v-md-2 gutters-col-v-2\">\n          <!---->\n          <div class=\"h-column h-column-container d-flex h-col-lg-auto h-col-md-auto h-col-auto style-1946-outer style-local-3587-c4-outer\">\n            <div data-colibri-id=\"3587-c4\" class=\"d-flex h-flex-basis h-column__inner h-px-lg-0 h-px-md-2 h-px-0 v-inner-lg-0 v-inner-md-2 v-inner-0 style-1946 style-local-3587-c4 position-relative\">\n              <!---->\n              <!---->\n              <div class=\"w-100 h-y-container h-column__content h-column__v-align flex-basis-100 align-self-lg-center align-self-md-center align-self-center\">\n                <!---->\n                <div data-colibri-id=\"3587-c5\" class=\"d-block style-1947 style-local-3587-c5 position-relative h-element\">\n                  <!---->\n                  <div class=\"h-image__frame-container-outer\">\n                    <div class=\"h-image__frame-container\">\n                      <!---->\n                      <!---->\n                      <img loading=\"lazy\" decoding=\"async\" width=\"2357\" height=\"2560\" src=\"http:\/\/quartiervosges.fr\/wp-content\/uploads\/2022\/03\/Newsletter-avril-2022_No1-1-scaled.jpg\" class=\"wp-image-3687 style-1947-image style-local-3587-c5-image\" alt=\"\" srcset=\"https:\/\/quartiervosges.fr\/wp-content\/uploads\/2022\/03\/Newsletter-avril-2022_No1-1-scaled.jpg 2357w, https:\/\/quartiervosges.fr\/wp-content\/uploads\/2022\/03\/Newsletter-avril-2022_No1-1-276x300.jpg 276w, https:\/\/quartiervosges.fr\/wp-content\/uploads\/2022\/03\/Newsletter-avril-2022_No1-1-943x1024.jpg 943w, https:\/\/quartiervosges.fr\/wp-content\/uploads\/2022\/03\/Newsletter-avril-2022_No1-1-768x834.jpg 768w, https:\/\/quartiervosges.fr\/wp-content\/uploads\/2022\/03\/Newsletter-avril-2022_No1-1-1414x1536.jpg 1414w, https:\/\/quartiervosges.fr\/wp-content\/uploads\/2022\/03\/Newsletter-avril-2022_No1-1-1886x2048.jpg 1886w\" sizes=\"auto, (max-width: 2357px) 100vw, 2357px\" \/>\n                      <div class=\"h-image__frame h-hide-sm style-1947-frameImage style-local-3587-c5-frameImage\"><\/div>\n                    <\/div>\n                  <\/div>\n                <\/div>\n              <\/div>\n            <\/div>\n          <\/div>\n          <div class=\"h-column h-column-container d-flex h-col-lg-auto h-col-md-auto h-col-auto style-1948-outer style-local-3587-c6-outer\">\n            <div data-colibri-id=\"3587-c6\" class=\"d-flex h-flex-basis h-column__inner h-px-lg-0 h-px-md-0 h-px-2 v-inner-lg-0 v-inner-md-0 v-inner-2 style-1948 style-local-3587-c6 position-relative\">\n              <!---->\n              <!---->\n              <div class=\"w-100 h-y-container h-column__content h-column__v-align flex-basis-100 align-self-lg-center align-self-md-center align-self-center\">\n                <!---->\n                <div data-colibri-id=\"3587-c7\" class=\"h-global-transition-all h-heading style-1949 style-local-3587-c7 position-relative h-element\">\n                  <!---->\n                  <div class=\"h-heading__outer style-1949 style-local-3587-c7\">\n                    <!---->\n                    <!---->\n                    <h3 class=\"\">La Newsletter N\u00b01 est enfin disponible<\/h3>\n                  <\/div>\n                <\/div>\n                <div data-colibri-id=\"3587-c8\" class=\"h-text h-text-component style-1950 style-local-3587-c8 position-relative h-element\">\n                  <!---->\n                  <!---->\n                  <div class=\"\">\n                    <p>En janvier notre association a f\u00eat\u00e9 son premier anniversaire. L\u2019arriv\u00e9e du N\u00b01 de la newsletter tombe donc \u00e0 point nomm\u00e9.&nbsp;Notre intention n\u2019est pas de publier une \u00e9dition \u00e0 chaque date d\u2019anniversaire mais bel et bien a chaque\n                      fois que les sujets \u00e0 traiter sont importants, a minima deux \u00e0 trois fois dans l\u2019ann\u00e9e. Les sujets commencent \u00e0 se faire de plus en plus nombreux, c\u2019est le moment d\u2019intensifier les \u00e9changes entre adh\u00e9rents et de faire \u00e9merger des\n                      id\u00e9es nouvelles, d\u2019orienter nos priorit\u00e9s. <\/p>\n                    <p>La priorit\u00e9 du moment est bien \u00e9videmment la r\u00e9ouverture du jardin du palais du Rhin.&nbsp;<\/p>\n                    <p>Bonne lecture&nbsp;<\/p>\n                  <\/div>\n                <\/div>\n                <div data-colibri-id=\"3587-c9\" class=\"h-x-container style-1951 style-local-3587-c9 position-relative h-element\">\n                  <!---->\n                  <div class=\"h-x-container-inner style-dynamic-3587-c9-group style-1951-spacing style-local-3587-c9-spacing\"><span class=\"h-button__outer style-1952-outer style-local-3587-c10-outer d-inline-flex h-element\"><a h-use-smooth-scroll=\"true\" href=\"http:\/\/quartiervosges.fr\/wp-content\/uploads\/2022\/03\/Newsletter-avril-2022_No1.pdf\"  data-colibri-id=\"3587-c10\" class=\"d-flex w-100 align-items-center h-button justify-content-lg-center justify-content-md-center justify-content-center style-1952 style-local-3587-c10 position-relative\"><!----><!----> <span>Lettre \u00e0 imprimer<\/span><\/a>\n                    <\/span>\n                  <\/div>\n                <\/div>\n              <\/div>\n            <\/div>\n          <\/div>\n        <\/div>\n      <\/div>\n    <\/div>\n  <\/div>\n<\/div>","protected":false},"excerpt":{"rendered":"<p>La Newsletter N\u00b01 est enfin disponible En janvier notre association a f\u00eat\u00e9 son premier anniversaire. L\u2019arriv\u00e9e du N\u00b01 de la newsletter tombe donc \u00e0 point nomm\u00e9.&nbsp;Notre intention n\u2019est pas de publier une \u00e9dition \u00e0 chaque date d\u2019anniversaire mais bel et bien a chaque fois que les sujets \u00e0 traiter sont importants, a minima deux \u00e0 [&hellip;]<\/p>\n","protected":false},"author":1,"featured_media":0,"parent":0,"menu_order":0,"comment_status":"closed","ping_status":"closed","template":"page-templates\/full-width-page.php","meta":{"footnotes":""},"class_list":["post-3587","page","type-page","status-publish","hentry"],"_links":{"self":[{"href":"https:\/\/quartiervosges.fr\/index.php?rest_route=\/wp\/v2\/pages\/3587","targetHints":{"allow":["GET"]}}],"collection":[{"href":"https:\/\/quartiervosges.fr\/index.php?rest_route=\/wp\/v2\/pages"}],"about":[{"href":"https:\/\/quartiervosges.fr\/index.php?rest_route=\/wp\/v2\/types\/page"}],"author":[{"embeddable":true,"href":"https:\/\/quartiervosges.fr\/index.php?rest_route=\/wp\/v2\/users\/1"}],"replies":[{"embeddable":true,"href":"https:\/\/quartiervosges.fr\/index.php?rest_route=%2Fwp%2Fv2%2Fcomments&post=3587"}],"version-history":[{"count":7,"href":"https:\/\/quartiervosges.fr\/index.php?rest_route=\/wp\/v2\/pages\/3587\/revisions"}],"predecessor-version":[{"id":3697,"href":"https:\/\/quartiervosges.fr\/index.php?rest_route=\/wp\/v2\/pages\/3587\/revisions\/3697"}],"wp:attachment":[{"href":"https:\/\/quartiervosges.fr\/index.php?rest_route=%2Fwp%2Fv2%2Fmedia&parent=3587"}],"curies":[{"name":"wp","href":"https:\/\/api.w.org\/{rel}","templated":true}]}}